t is the ten thousands digit of 34794914?
9
What is the hundred millions digit of 262145687?
2
What is the hundred thousands digit of 391007208?
0
What is the thousands digit of 393697482?
7
What is the tens digit of 1018832485?
8
What is the units digit of 219338438?
8
What is the units digit of 94576918?
8
What is the tens digit of 77987128?
2
What is the ten millions digit of 432262831?
3
What is the hundred thousands digit of 1872623949?
6
What is the hundreds digit of 113736295?
2
What is the ten thousands digit of 22720688?
2
What is the hundred thousands digit of 1284181670?
1
What is the units digit of 1982005?
5
What is the thousands digit of 71356917?
6
What is the units digit of 438956195?
5
What is the ten millions digit of 176083681?
7
What is the units digit of 88516123?
3
What is the units digit of 89694686?
6
What is the hundreds digit of 97576580?
5
What is the hundreds digit of 55709762?
7
What is the ten millions digit of 113528062?
1
What is the hundreds digit of 214163283?
2
What is the hundred millions digit of 4104835144?
1
What is the tens digit of 43437841?
4
What is the millions digit of 14919817?
4
What is the tens digit of 122345650?
5
What is the tens digit of 156865494?
9
What is the hundred thousands digit of 19300742?
3
What is the hundred millions digit of 269475925?
2
What is the millions digit of 322461899?
2
What is the hundreds digit of 170791307?
3
What is the millions digit of 708179828?
8
What is the units digit of 89298461?
1
What is the thousands digit of 3083769?
3
What is the billions digit of 6045989227?
6
What is the hundred thousands digit of 1245178473?
1
What is the tens digit of 636230387?
8
What is the ten millions digit of 1860961022?
6
What is the hundred thousands digit of 40672119?
6
What is the units digit of 224993578?
8
What is the thousands digit of 117031681?
1
What is the units digit of 618517370?
0
What is the ten thousands digit of 245586630?
8
What is the ten thousands digit of 1225150516?
5
What is the ten thousands digit of 596626556?
2
What is the thousands digit of 50853479?
3
What is the units digit of 100450879?
9
What is the units digit of 52162403?
3
What is the hundred thousands digit of 3575329?
5
What is the millions digit of 105412411?
5
What is the ten thousands digit of 5841785010?
8
What is the hundreds digit of 70671815?
8
What is the tens digit of 771184249?
4
What is the hundred thousands digit of 5770315?
7
What is the billions digit of 5961005055?
5
What is the units digit of 870025655?
5
What is the billions digit of 1449461325?
1
What is the tens digit of 263875280?
8
What is the units digit of 3991626554?
4
What is the ten millions digit of 24274572?
2
What is the hundred thousands digit of 178670987?
6
What is the hundreds digit of 1912095034?
0
What is the hundreds digit of 55085435?
4
What is the millions digit of 608260469?
8
What is the units digit of 15236549?
9
What is the hundred millions digit of 763179188?
7
What is the billions digit of 5134172922?
5
What is the hundred thousands digit of 577937015?
9
What is the millions digit of 18383904?
8
What is the ten millions digit of 512741557?
1
What is the units digit of 77568554?
4
What is the hundreds digit of 41820809?
8
What is the thousands digit of 6358050794?
0
What is the millions digit of 179642876?
9
What is the hundred millions digit of 2562349283?
5
What is the millions digit of 208334593?
8
What is the hundred millions digit of 1374204481?
3
What is the hundred thousands digit of 7826675?
8
What is the ten thousands digit of 39769293?
6
What is the millions digit of 1185293940?
5
What is the tens digit of 1834898?
9
What is the hundreds digit of 5286402725?
7
What is the hundred millions digit of 134040383?
1
What is the hundred thousands digit of 33457638?
4
What is the ten thousands digit of 95187915?
8
What is the thousands digit of 69615577?
5
What is the thousands digit of 180045023?
5
What is the thousands digit of 774131740?
1
What is the tens digit of 162377539?
3
What is the tens digit of 552935670?
7
What is the hundred millions digit of 1630831542?
6
What is the hundred thousands digit of 61703143?
7
What is the tens digit of 117513990?
9
What is the tens digit of 374266912?
1
What is the hundred thousands digit of 354446063?
4
What is the ten thousands digit of 5123077985?
7
What is the units digit of 2345219939?
9
What is the hundred thousands digit of 3561222?
5
What is the millions digit of 464832786?
4
What is the thousands digit of 1064608928?
8
What is the tens digit of 183987710?
1
What is the ten millions digit of 162351787?
6
What is the thousands digit of 17029621?
9
What is the ten millions digit of 970622252?
7
What is the tens digit of 27969055?
5
What is the tens digit of 942758010?
1
What is the units digit of 22160319?
9
What is the tens digit of 3175096?
9
What is the billions digit of 1183609775?
1
What is the units digit of 53956584?
4
What is the ten millions digit of 39330218?
3
What is the millions digit of 33736432?
3
What is the ten thousands digit of 179871208?
7
What is the units digit of 65777003?
3
What is the ten thousands digit of 67006785?
0
What is the units digit of 8136246?
6
What is the thousands digit of 217427005?
7
What is the ten thousands digit of 164944654?
4
What is the hundred thousands digit of 228058317?
0
What is the hundred thousands digit of 123424603?
4
What is the ten thousands digit of 990502292?
0
What is the hundreds digit of 16128372?
3
What is the tens digit of 7272741?
4
What is the units digit of 2339274977?
7
What is the tens digit of 24755302?
0
What is the units digit of 179053395?
5
What is the tens digit of 36173360?
6
What is the thousands digit of 141378907?
8
What is the hundred thousands digit of 79004185?
0
What is the hundred thousands digit of 37868624?
8
What is the ten millions digit of 5191818053?
9
What is the millions digit of 13693470?
3
What is the ten millions digit of 2613560628?
1
What is the hundreds digit of 1282677564?
5
What is the hundred thousands digit of 1508511934?
5
What is the units digit of 85570252?
2
What is the ten thousands digit of 398584013?
8
What is the thousands digit of 438321249?
1
What is the hundred millions digit of 3754153250?
7
What is the ten thousands digit of 41245735?
4
What is the thousands digit of 9382810?
2
What is the ten thousands digit of 8608999?
0
What is the hundreds digit of 30812527?
5
What is the tens digit of 1381154542?
4
What is the thousands digit of 263000916?
0
What is the units digit of 224147458?
8
What is the hundred millions digit of 455114680?
4
What is the hundreds digit of 1158369430?
4
What is the millions digit of 2421901825?
1
What is the ten thousands digit of 27828776?
2
What is the thousands digit of 1298340?
8
What is the units digit of 513951868?
8
What is the hundred thousands digit of 71580610?
5
What is the ten millions digit of 844520751?
4
What is the thousands digit of 195139383?
9
What is the hundred thousands digit of 363100444?
1
What is the units digit of 1234751303?
3
What is the hundreds digit of 1104643036?
0
What is the ten thousands digit of 326578333?
7
What is the ten thousands digit of 159637995?
3
What is the units digit of 3047546668?
8
What is the ten thousands digit of 190415359?
1
What is the tens digit of 38827833?
3
What is the ten millions digit of 57310680?
5
What is the thousands digit of 31112456?
2
What is the ten thousands digit of 118798106?
9
What is the tens digit of 33317546?
4
What is the thousands digit of 14359354?
9
What is the thousands digit of 4162045?
2
What is the hundred millions digit of 3681182164?
6
What is the ten thousands digit of 28906175?
0
What is the thousands digit of 333345918?
5
What is the units digit of 54387430?
0
What is the ten thousands digit of 4730275?
3
What is the ten thousands digit of 386895521?
9
What is the units digit of 2429555226?
6
What is the hundred millions digit of 215716975?
2
What is the tens digit of 185377373?
7
What is the tens digit of 395600029?
2
What is the ten thousands digit of 3207043938?
4
What is the millions digit of 550662088?
0
What is the ten millions digit of 774827834?
7
What is the tens digit of 3901912?
1
What is the units digit of